{"id":140,"date":"2021-01-11T15:39:47","date_gmt":"2021-01-11T15:39:47","guid":{"rendered":"http:\/\/www.drevointer.cz\/?page_id=140"},"modified":"2025-07-10T13:04:43","modified_gmt":"2025-07-10T13:04:43","slug":"ddd","status":"publish","type":"page","link":"https:\/\/www.drevointer.cz\/index.php\/ddd\/","title":{"rendered":"DDD Studio"},"content":{"rendered":"\t\t<div data-elementor-type=\"wp-page\" data-elementor-id=\"140\" class=\"elementor elementor-140\" data-elementor-settings=\"[]\">\n\t\t\t\t\t\t<div class=\"elementor-inner\">\n\t\t\t\t\t\t\t<div class=\"elementor-section-wrap\">\n\t\t\t\t\t\t\t<section class=\"elementor-section elementor-top-section elementor-element elementor-element-5548e33 elementor-section-boxed elementor-section-height-default elementor-section-height-default\" data-id=\"5548e33\" data-element_type=\"section\">\n\t\t\t\t\t\t<div class=\"elementor-container elementor-column-gap-default\">\n\t\t\t\t\t\t\t<div class=\"elementor-row\">\n\t\t\t\t\t<div class=\"elementor-column elementor-col-100 elementor-top-column elementor-element elementor-element-ccc8b2b\" data-id=\"ccc8b2b\" data-element_type=\"column\">\n\t\t\t<div class=\"elementor-column-wrap elementor-element-populated\">\n\t\t\t\t\t\t\t<div class=\"elementor-widget-wrap\">\n\t\t\t\t\t\t<div class=\"elementor-element elementor-element-ed142ae elementor-widget elementor-widget-text-editor\" data-id=\"ed142ae\" data-element_type=\"widget\" data-widget_type=\"text-editor.default\">\n\t\t\t\t<div class=\"elementor-widget-container\">\n\t\t\t\t\t<div class=\"elementor-text-editor elementor-clearfix\"><p>P\u0159ij\u010fte se pod\u00edvat, co v\u0161e jsme pro V\u00e1s p\u0159ipravili &#8211; kuchy\u0148sk\u00e9 linky, interi\u00e9rov\u00e9 dve\u0159e, j\u00eddeln\u00ed stoly, jednac\u00ed stoly, atypick\u00e9 prvky a dal\u0161\u00ed.&nbsp;<\/p>\n<p>A kde n\u00e1s najdete?<\/p>\n<p>V\u00fdrobn\u00ed are\u00e1l <strong>D\u0158EVOINTER Strakonice, s.r.o.<\/strong>, U Hajsk\u00e9 322, 386 01 Strakonice.<\/p>\n<p><a style=\"font-family: var( --e-global-typography-text-font-family ), Sans-serif; font-weight: var( --e-global-typography-text-font-weight );\" href=\"https:\/\/cs-cz.facebook.com\/dddstudio.cz\/\" target=\"_blank\" rel=\"noopener\"><img loading=\"lazy\" class=\"wp-image-1041 alignright\" src=\"http:\/\/www.drevointer.cz\/wp-content\/uploads\/2021\/04\/facebook-300x71.png\" alt=\"\" width=\"114\" height=\"27\" srcset=\"https:\/\/www.drevointer.cz\/wp-content\/uploads\/2021\/04\/facebook-300x71.png 300w, https:\/\/www.drevointer.cz\/wp-content\/uploads\/2021\/04\/facebook.png 458w\" sizes=\"(max-width: 114px) 100vw, 114px\" \/><\/a><\/p><\/div>\n\t\t\t\t<\/div>\n\t\t\t\t<\/div>\n\t\t\t\t\t\t<\/div>\n\t\t\t\t\t<\/div>\n\t\t<\/div>\n\t\t\t\t\t\t\t\t<\/div>\n\t\t\t\t\t<\/div>\n\t\t<\/section>\n\t\t\t\t<section class=\"elementor-section elementor-top-section elementor-element elementor-element-7034e55 elementor-section-boxed elementor-section-height-default elementor-section-height-default\" data-id=\"7034e55\" data-element_type=\"section\">\n\t\t\t\t\t\t<div class=\"elementor-container elementor-column-gap-default\">\n\t\t\t\t\t\t\t<div class=\"elementor-row\">\n\t\t\t\t\t<div class=\"elementor-column elementor-col-100 elementor-top-column elementor-element elementor-element-2aaf348\" data-id=\"2aaf348\" data-element_type=\"column\">\n\t\t\t<div class=\"elementor-column-wrap elementor-element-populated\">\n\t\t\t\t\t\t\t<div class=\"elementor-widget-wrap\">\n\t\t\t\t\t\t<div class=\"elementor-element elementor-element-fd9d414 elementor-widget elementor-widget-image-gallery\" data-id=\"fd9d414\" data-element_type=\"widget\" data-widget_type=\"image-gallery.default\">\n\t\t\t\t<div class=\"elementor-widget-container\">\n\t\t\t\t\t<div class=\"elementor-image-gallery\">\n\t\t\t\n\t\t<style type=\"text\/css\">\n\t\t\t#gallery-1 {\n\t\t\t\tmargin: auto;\n\t\t\t}\n\t\t\t#gallery-1 .gallery-item {\n\t\t\t\tfloat: left;\n\t\t\t\tmargin-top: 10px;\n\t\t\t\ttext-align: center;\n\t\t\t\twidth: 33%;\n\t\t\t}\n\t\t\t#gallery-1 img {\n\t\t\t\tborder: 2px solid #cfcfcf;\n\t\t\t}\n\t\t\t#gallery-1 .gallery-caption {\n\t\t\t\tmargin-left: 0;\n\t\t\t}\n\t\t\t\/* see gallery_shortcode() in wp-includes\/media.php *\/\n\t\t<\/style>\n\t\t<div id='gallery-1' class='gallery galleryid-140 gallery-columns-3 gallery-size-medium'><dl class='gallery-item'>\n\t\t\t<dt class='gallery-icon landscape'>\n\t\t\t\t<a data-elementor-open-lightbox=\"yes\" data-elementor-lightbox-slideshow=\"fd9d414\" data-elementor-lightbox-title=\"DSC_0064\" href='https:\/\/www.drevointer.cz\/wp-content\/uploads\/2021\/04\/DSC_0064.jpg'><img width=\"300\" height=\"225\" src=\"https:\/\/www.drevointer.cz\/wp-content\/uploads\/2021\/04\/DSC_0064-300x225.jpg\" class=\"attachment-medium size-medium\" alt=\"\" loading=\"lazy\" srcset=\"https:\/\/www.drevointer.cz\/wp-content\/uploads\/2021\/04\/DSC_0064-300x225.jpg 300w, https:\/\/www.drevointer.cz\/wp-content\/uploads\/2021\/04\/DSC_0064-1024x768.jpg 1024w, https:\/\/www.drevointer.cz\/wp-content\/uploads\/2021\/04\/DSC_0064-768x576.jpg 768w, https:\/\/www.drevointer.cz\/wp-content\/uploads\/2021\/04\/DSC_0064-1536x1152.jpg 1536w, https:\/\/www.drevointer.cz\/wp-content\/uploads\/2021\/04\/DSC_0064-1440x1080.jpg 1440w, https:\/\/www.drevointer.cz\/wp-content\/uploads\/2021\/04\/DSC_0064.jpg 1800w\" sizes=\"(max-width: 300px) 100vw, 300px\" \/><\/a>\n\t\t\t<\/dt><\/dl><dl class='gallery-item'>\n\t\t\t<dt class='gallery-icon landscape'>\n\t\t\t\t<a data-elementor-open-lightbox=\"yes\" data-elementor-lightbox-slideshow=\"fd9d414\" data-elementor-lightbox-title=\"DSC_0056\" href='https:\/\/www.drevointer.cz\/wp-content\/uploads\/2021\/04\/DSC_0056.jpg'><img width=\"300\" height=\"225\" src=\"https:\/\/www.drevointer.cz\/wp-content\/uploads\/2021\/04\/DSC_0056-300x225.jpg\" class=\"attachment-medium size-medium\" alt=\"\" loading=\"lazy\" srcset=\"https:\/\/www.drevointer.cz\/wp-content\/uploads\/2021\/04\/DSC_0056-300x225.jpg 300w, https:\/\/www.drevointer.cz\/wp-content\/uploads\/2021\/04\/DSC_0056-1024x768.jpg 1024w, https:\/\/www.drevointer.cz\/wp-content\/uploads\/2021\/04\/DSC_0056-768x576.jpg 768w, https:\/\/www.drevointer.cz\/wp-content\/uploads\/2021\/04\/DSC_0056-1536x1152.jpg 1536w, https:\/\/www.drevointer.cz\/wp-content\/uploads\/2021\/04\/DSC_0056-1440x1080.jpg 1440w, https:\/\/www.drevointer.cz\/wp-content\/uploads\/2021\/04\/DSC_0056.jpg 1800w\" sizes=\"(max-width: 300px) 100vw, 300px\" \/><\/a>\n\t\t\t<\/dt><\/dl><dl class='gallery-item'>\n\t\t\t<dt class='gallery-icon landscape'>\n\t\t\t\t<a data-elementor-open-lightbox=\"yes\" data-elementor-lightbox-slideshow=\"fd9d414\" data-elementor-lightbox-title=\"DSC_0072\" href='https:\/\/www.drevointer.cz\/wp-content\/uploads\/2021\/04\/DSC_0072.jpg'><img width=\"300\" height=\"225\" src=\"https:\/\/www.drevointer.cz\/wp-content\/uploads\/2021\/04\/DSC_0072-300x225.jpg\" class=\"attachment-medium size-medium\" alt=\"\" loading=\"lazy\" srcset=\"https:\/\/www.drevointer.cz\/wp-content\/uploads\/2021\/04\/DSC_0072-300x225.jpg 300w, https:\/\/www.drevointer.cz\/wp-content\/uploads\/2021\/04\/DSC_0072-1024x768.jpg 1024w, https:\/\/www.drevointer.cz\/wp-content\/uploads\/2021\/04\/DSC_0072-768x576.jpg 768w, https:\/\/www.drevointer.cz\/wp-content\/uploads\/2021\/04\/DSC_0072-1536x1152.jpg 1536w, https:\/\/www.drevointer.cz\/wp-content\/uploads\/2021\/04\/DSC_0072-1441x1080.jpg 1441w, https:\/\/www.drevointer.cz\/wp-content\/uploads\/2021\/04\/DSC_0072.jpg 1598w\" sizes=\"(max-width: 300px) 100vw, 300px\" \/><\/a>\n\t\t\t<\/dt><\/dl><br style=\"clear: both\" \/><dl class='gallery-item'>\n\t\t\t<dt class='gallery-icon landscape'>\n\t\t\t\t<a data-elementor-open-lightbox=\"yes\" data-elementor-lightbox-slideshow=\"fd9d414\" data-elementor-lightbox-title=\"DSC_0002\" href='https:\/\/www.drevointer.cz\/wp-content\/uploads\/2021\/04\/DSC_0002.jpg'><img width=\"300\" height=\"225\" src=\"https:\/\/www.drevointer.cz\/wp-content\/uploads\/2021\/04\/DSC_0002-300x225.jpg\" class=\"attachment-medium size-medium\" alt=\"\" loading=\"lazy\" srcset=\"https:\/\/www.drevointer.cz\/wp-content\/uploads\/2021\/04\/DSC_0002-300x225.jpg 300w, https:\/\/www.drevointer.cz\/wp-content\/uploads\/2021\/04\/DSC_0002-1024x768.jpg 1024w, https:\/\/www.drevointer.cz\/wp-content\/uploads\/2021\/04\/DSC_0002-768x576.jpg 768w, https:\/\/www.drevointer.cz\/wp-content\/uploads\/2021\/04\/DSC_0002-1536x1152.jpg 1536w, https:\/\/www.drevointer.cz\/wp-content\/uploads\/2021\/04\/DSC_0002-1440x1080.jpg 1440w, https:\/\/www.drevointer.cz\/wp-content\/uploads\/2021\/04\/DSC_0002.jpg 1800w\" sizes=\"(max-width: 300px) 100vw, 300px\" \/><\/a>\n\t\t\t<\/dt><\/dl><dl class='gallery-item'>\n\t\t\t<dt class='gallery-icon landscape'>\n\t\t\t\t<a data-elementor-open-lightbox=\"yes\" data-elementor-lightbox-slideshow=\"fd9d414\" data-elementor-lightbox-title=\"DSC_0005\" href='https:\/\/www.drevointer.cz\/wp-content\/uploads\/2021\/04\/DSC_0005.jpg'><img width=\"300\" height=\"225\" src=\"https:\/\/www.drevointer.cz\/wp-content\/uploads\/2021\/04\/DSC_0005-300x225.jpg\" class=\"attachment-medium size-medium\" alt=\"\" loading=\"lazy\" srcset=\"https:\/\/www.drevointer.cz\/wp-content\/uploads\/2021\/04\/DSC_0005-300x225.jpg 300w, https:\/\/www.drevointer.cz\/wp-content\/uploads\/2021\/04\/DSC_0005-1024x768.jpg 1024w, https:\/\/www.drevointer.cz\/wp-content\/uploads\/2021\/04\/DSC_0005-768x576.jpg 768w, https:\/\/www.drevointer.cz\/wp-content\/uploads\/2021\/04\/DSC_0005-1536x1152.jpg 1536w, https:\/\/www.drevointer.cz\/wp-content\/uploads\/2021\/04\/DSC_0005-1440x1080.jpg 1440w, https:\/\/www.drevointer.cz\/wp-content\/uploads\/2021\/04\/DSC_0005.jpg 1800w\" sizes=\"(max-width: 300px) 100vw, 300px\" \/><\/a>\n\t\t\t<\/dt><\/dl><dl class='gallery-item'>\n\t\t\t<dt class='gallery-icon landscape'>\n\t\t\t\t<a data-elementor-open-lightbox=\"yes\" data-elementor-lightbox-slideshow=\"fd9d414\" data-elementor-lightbox-title=\"DSC_0044\" href='https:\/\/www.drevointer.cz\/wp-content\/uploads\/2021\/04\/DSC_0044.jpg'><img width=\"300\" height=\"225\" src=\"https:\/\/www.drevointer.cz\/wp-content\/uploads\/2021\/04\/DSC_0044-300x225.jpg\" class=\"attachment-medium size-medium\" alt=\"\" loading=\"lazy\" srcset=\"https:\/\/www.drevointer.cz\/wp-content\/uploads\/2021\/04\/DSC_0044-300x225.jpg 300w, https:\/\/www.drevointer.cz\/wp-content\/uploads\/2021\/04\/DSC_0044-1024x768.jpg 1024w, https:\/\/www.drevointer.cz\/wp-content\/uploads\/2021\/04\/DSC_0044-768x576.jpg 768w, https:\/\/www.drevointer.cz\/wp-content\/uploads\/2021\/04\/DSC_0044-1536x1152.jpg 1536w, https:\/\/www.drevointer.cz\/wp-content\/uploads\/2021\/04\/DSC_0044-1440x1080.jpg 1440w, https:\/\/www.drevointer.cz\/wp-content\/uploads\/2021\/04\/DSC_0044.jpg 1800w\" sizes=\"(max-width: 300px) 100vw, 300px\" \/><\/a>\n\t\t\t<\/dt><\/dl><br style=\"clear: both\" \/><dl class='gallery-item'>\n\t\t\t<dt class='gallery-icon landscape'>\n\t\t\t\t<a data-elementor-open-lightbox=\"yes\" data-elementor-lightbox-slideshow=\"fd9d414\" data-elementor-lightbox-title=\"DSC_0042\" href='https:\/\/www.drevointer.cz\/wp-content\/uploads\/2021\/04\/DSC_0042.jpg'><img width=\"300\" height=\"225\" src=\"https:\/\/www.drevointer.cz\/wp-content\/uploads\/2021\/04\/DSC_0042-300x225.jpg\" class=\"attachment-medium size-medium\" alt=\"\" loading=\"lazy\" srcset=\"https:\/\/www.drevointer.cz\/wp-content\/uploads\/2021\/04\/DSC_0042-300x225.jpg 300w, https:\/\/www.drevointer.cz\/wp-content\/uploads\/2021\/04\/DSC_0042-1024x768.jpg 1024w, https:\/\/www.drevointer.cz\/wp-content\/uploads\/2021\/04\/DSC_0042-768x576.jpg 768w, https:\/\/www.drevointer.cz\/wp-content\/uploads\/2021\/04\/DSC_0042-1536x1152.jpg 1536w, https:\/\/www.drevointer.cz\/wp-content\/uploads\/2021\/04\/DSC_0042-1440x1080.jpg 1440w, https:\/\/www.drevointer.cz\/wp-content\/uploads\/2021\/04\/DSC_0042.jpg 1800w\" sizes=\"(max-width: 300px) 100vw, 300px\" \/><\/a>\n\t\t\t<\/dt><\/dl><dl class='gallery-item'>\n\t\t\t<dt class='gallery-icon landscape'>\n\t\t\t\t<a data-elementor-open-lightbox=\"yes\" data-elementor-lightbox-slideshow=\"fd9d414\" data-elementor-lightbox-title=\"DSC_0006\" href='https:\/\/www.drevointer.cz\/wp-content\/uploads\/2021\/04\/DSC_0006.jpg'><img width=\"300\" height=\"225\" src=\"https:\/\/www.drevointer.cz\/wp-content\/uploads\/2021\/04\/DSC_0006-300x225.jpg\" class=\"attachment-medium size-medium\" alt=\"\" loading=\"lazy\" srcset=\"https:\/\/www.drevointer.cz\/wp-content\/uploads\/2021\/04\/DSC_0006-300x225.jpg 300w, https:\/\/www.drevointer.cz\/wp-content\/uploads\/2021\/04\/DSC_0006-1024x768.jpg 1024w, https:\/\/www.drevointer.cz\/wp-content\/uploads\/2021\/04\/DSC_0006-768x576.jpg 768w, https:\/\/www.drevointer.cz\/wp-content\/uploads\/2021\/04\/DSC_0006-1536x1152.jpg 1536w, https:\/\/www.drevointer.cz\/wp-content\/uploads\/2021\/04\/DSC_0006-1440x1080.jpg 1440w, https:\/\/www.drevointer.cz\/wp-content\/uploads\/2021\/04\/DSC_0006.jpg 1800w\" sizes=\"(max-width: 300px) 100vw, 300px\" \/><\/a>\n\t\t\t<\/dt><\/dl><dl class='gallery-item'>\n\t\t\t<dt class='gallery-icon landscape'>\n\t\t\t\t<a data-elementor-open-lightbox=\"yes\" data-elementor-lightbox-slideshow=\"fd9d414\" data-elementor-lightbox-title=\"DSC_0010\" href='https:\/\/www.drevointer.cz\/wp-content\/uploads\/2021\/04\/DSC_0010.jpg'><img width=\"300\" height=\"225\" src=\"https:\/\/www.drevointer.cz\/wp-content\/uploads\/2021\/04\/DSC_0010-300x225.jpg\" class=\"attachment-medium size-medium\" alt=\"\" loading=\"lazy\" srcset=\"https:\/\/www.drevointer.cz\/wp-content\/uploads\/2021\/04\/DSC_0010-300x225.jpg 300w, https:\/\/www.drevointer.cz\/wp-content\/uploads\/2021\/04\/DSC_0010-1024x768.jpg 1024w, https:\/\/www.drevointer.cz\/wp-content\/uploads\/2021\/04\/DSC_0010-768x576.jpg 768w, https:\/\/www.drevointer.cz\/wp-content\/uploads\/2021\/04\/DSC_0010-1536x1152.jpg 1536w, https:\/\/www.drevointer.cz\/wp-content\/uploads\/2021\/04\/DSC_0010-1440x1080.jpg 1440w, https:\/\/www.drevointer.cz\/wp-content\/uploads\/2021\/04\/DSC_0010.jpg 1800w\" sizes=\"(max-width: 300px) 100vw, 300px\" \/><\/a>\n\t\t\t<\/dt><\/dl><br style=\"clear: both\" \/><dl class='gallery-item'>\n\t\t\t<dt class='gallery-icon landscape'>\n\t\t\t\t<a data-elementor-open-lightbox=\"yes\" data-elementor-lightbox-slideshow=\"fd9d414\" data-elementor-lightbox-title=\"DSC_0016\" href='https:\/\/www.drevointer.cz\/wp-content\/uploads\/2021\/04\/DSC_0016.jpg'><img width=\"300\" height=\"225\" src=\"https:\/\/www.drevointer.cz\/wp-content\/uploads\/2021\/04\/DSC_0016-300x225.jpg\" class=\"attachment-medium size-medium\" alt=\"\" loading=\"lazy\" srcset=\"https:\/\/www.drevointer.cz\/wp-content\/uploads\/2021\/04\/DSC_0016-300x225.jpg 300w, https:\/\/www.drevointer.cz\/wp-content\/uploads\/2021\/04\/DSC_0016-1024x768.jpg 1024w, https:\/\/www.drevointer.cz\/wp-content\/uploads\/2021\/04\/DSC_0016-768x576.jpg 768w, https:\/\/www.drevointer.cz\/wp-content\/uploads\/2021\/04\/DSC_0016-1536x1152.jpg 1536w, https:\/\/www.drevointer.cz\/wp-content\/uploads\/2021\/04\/DSC_0016-1440x1080.jpg 1440w, https:\/\/www.drevointer.cz\/wp-content\/uploads\/2021\/04\/DSC_0016.jpg 1800w\" sizes=\"(max-width: 300px) 100vw, 300px\" \/><\/a>\n\t\t\t<\/dt><\/dl><dl class='gallery-item'>\n\t\t\t<dt class='gallery-icon landscape'>\n\t\t\t\t<a data-elementor-open-lightbox=\"yes\" data-elementor-lightbox-slideshow=\"fd9d414\" data-elementor-lightbox-title=\"DSC_0017\" href='https:\/\/www.drevointer.cz\/wp-content\/uploads\/2021\/04\/DSC_0017.jpg'><img width=\"300\" height=\"225\" src=\"https:\/\/www.drevointer.cz\/wp-content\/uploads\/2021\/04\/DSC_0017-300x225.jpg\" class=\"attachment-medium size-medium\" alt=\"\" loading=\"lazy\" srcset=\"https:\/\/www.drevointer.cz\/wp-content\/uploads\/2021\/04\/DSC_0017-300x225.jpg 300w, https:\/\/www.drevointer.cz\/wp-content\/uploads\/2021\/04\/DSC_0017-1024x768.jpg 1024w, https:\/\/www.drevointer.cz\/wp-content\/uploads\/2021\/04\/DSC_0017-768x576.jpg 768w, https:\/\/www.drevointer.cz\/wp-content\/uploads\/2021\/04\/DSC_0017-1536x1152.jpg 1536w, https:\/\/www.drevointer.cz\/wp-content\/uploads\/2021\/04\/DSC_0017-1440x1080.jpg 1440w, https:\/\/www.drevointer.cz\/wp-content\/uploads\/2021\/04\/DSC_0017.jpg 1800w\" sizes=\"(max-width: 300px) 100vw, 300px\" \/><\/a>\n\t\t\t<\/dt><\/dl><dl class='gallery-item'>\n\t\t\t<dt class='gallery-icon landscape'>\n\t\t\t\t<a data-elementor-open-lightbox=\"yes\" data-elementor-lightbox-slideshow=\"fd9d414\" data-elementor-lightbox-title=\"DSC_0021\" href='https:\/\/www.drevointer.cz\/wp-content\/uploads\/2021\/04\/DSC_0021.jpg'><img width=\"300\" height=\"225\" src=\"https:\/\/www.drevointer.cz\/wp-content\/uploads\/2021\/04\/DSC_0021-300x225.jpg\" class=\"attachment-medium size-medium\" alt=\"\" loading=\"lazy\" srcset=\"https:\/\/www.drevointer.cz\/wp-content\/uploads\/2021\/04\/DSC_0021-300x225.jpg 300w, https:\/\/www.drevointer.cz\/wp-content\/uploads\/2021\/04\/DSC_0021-1024x768.jpg 1024w, https:\/\/www.drevointer.cz\/wp-content\/uploads\/2021\/04\/DSC_0021-768x576.jpg 768w, https:\/\/www.drevointer.cz\/wp-content\/uploads\/2021\/04\/DSC_0021-1536x1152.jpg 1536w, https:\/\/www.drevointer.cz\/wp-content\/uploads\/2021\/04\/DSC_0021-1440x1080.jpg 1440w, https:\/\/www.drevointer.cz\/wp-content\/uploads\/2021\/04\/DSC_0021.jpg 1800w\" sizes=\"(max-width: 300px) 100vw, 300px\" \/><\/a>\n\t\t\t<\/dt><\/dl><br style=\"clear: both\" \/><dl class='gallery-item'>\n\t\t\t<dt class='gallery-icon landscape'>\n\t\t\t\t<a data-elementor-open-lightbox=\"yes\" data-elementor-lightbox-slideshow=\"fd9d414\" data-elementor-lightbox-title=\"DSC_0031\" href='https:\/\/www.drevointer.cz\/wp-content\/uploads\/2021\/04\/DSC_0031.jpg'><img width=\"300\" height=\"225\" src=\"https:\/\/www.drevointer.cz\/wp-content\/uploads\/2021\/04\/DSC_0031-300x225.jpg\" class=\"attachment-medium size-medium\" alt=\"\" loading=\"lazy\" srcset=\"https:\/\/www.drevointer.cz\/wp-content\/uploads\/2021\/04\/DSC_0031-300x225.jpg 300w, https:\/\/www.drevointer.cz\/wp-content\/uploads\/2021\/04\/DSC_0031-1024x768.jpg 1024w, https:\/\/www.drevointer.cz\/wp-content\/uploads\/2021\/04\/DSC_0031-768x576.jpg 768w, https:\/\/www.drevointer.cz\/wp-content\/uploads\/2021\/04\/DSC_0031-1536x1152.jpg 1536w, https:\/\/www.drevointer.cz\/wp-content\/uploads\/2021\/04\/DSC_0031-1440x1080.jpg 1440w, https:\/\/www.drevointer.cz\/wp-content\/uploads\/2021\/04\/DSC_0031.jpg 1800w\" sizes=\"(max-width: 300px) 100vw, 300px\" \/><\/a>\n\t\t\t<\/dt><\/dl><dl class='gallery-item'>\n\t\t\t<dt class='gallery-icon landscape'>\n\t\t\t\t<a data-elementor-open-lightbox=\"yes\" data-elementor-lightbox-slideshow=\"fd9d414\" data-elementor-lightbox-title=\"DSC_0068\" href='https:\/\/www.drevointer.cz\/wp-content\/uploads\/2021\/04\/DSC_0068.jpg'><img width=\"300\" height=\"225\" src=\"https:\/\/www.drevointer.cz\/wp-content\/uploads\/2021\/04\/DSC_0068-300x225.jpg\" class=\"attachment-medium size-medium\" alt=\"\" loading=\"lazy\" srcset=\"https:\/\/www.drevointer.cz\/wp-content\/uploads\/2021\/04\/DSC_0068-300x225.jpg 300w, https:\/\/www.drevointer.cz\/wp-content\/uploads\/2021\/04\/DSC_0068-1024x768.jpg 1024w, https:\/\/www.drevointer.cz\/wp-content\/uploads\/2021\/04\/DSC_0068-768x576.jpg 768w, https:\/\/www.drevointer.cz\/wp-content\/uploads\/2021\/04\/DSC_0068-1536x1152.jpg 1536w, https:\/\/www.drevointer.cz\/wp-content\/uploads\/2021\/04\/DSC_0068-1440x1080.jpg 1440w, https:\/\/www.drevointer.cz\/wp-content\/uploads\/2021\/04\/DSC_0068.jpg 1800w\" sizes=\"(max-width: 300px) 100vw, 300px\" \/><\/a>\n\t\t\t<\/dt><\/dl><dl class='gallery-item'>\n\t\t\t<dt class='gallery-icon landscape'>\n\t\t\t\t<a data-elementor-open-lightbox=\"yes\" data-elementor-lightbox-slideshow=\"fd9d414\" data-elementor-lightbox-title=\"DSC_0076\" href='https:\/\/www.drevointer.cz\/wp-content\/uploads\/2021\/04\/DSC_0076.jpg'><img width=\"300\" height=\"225\" src=\"https:\/\/www.drevointer.cz\/wp-content\/uploads\/2021\/04\/DSC_0076-300x225.jpg\" class=\"attachment-medium size-medium\" alt=\"\" loading=\"lazy\" srcset=\"https:\/\/www.drevointer.cz\/wp-content\/uploads\/2021\/04\/DSC_0076-300x225.jpg 300w, https:\/\/www.drevointer.cz\/wp-content\/uploads\/2021\/04\/DSC_0076-1024x768.jpg 1024w, https:\/\/www.drevointer.cz\/wp-content\/uploads\/2021\/04\/DSC_0076-768x576.jpg 768w, https:\/\/www.drevointer.cz\/wp-content\/uploads\/2021\/04\/DSC_0076-1536x1152.jpg 1536w, https:\/\/www.drevointer.cz\/wp-content\/uploads\/2021\/04\/DSC_0076-1440x1080.jpg 1440w, https:\/\/www.drevointer.cz\/wp-content\/uploads\/2021\/04\/DSC_0076.jpg 1800w\" sizes=\"(max-width: 300px) 100vw, 300px\" \/><\/a>\n\t\t\t<\/dt><\/dl><br style=\"clear: both\" \/><dl class='gallery-item'>\n\t\t\t<dt class='gallery-icon landscape'>\n\t\t\t\t<a data-elementor-open-lightbox=\"yes\" data-elementor-lightbox-slideshow=\"fd9d414\" data-elementor-lightbox-title=\"DSC_0036\" href='https:\/\/www.drevointer.cz\/wp-content\/uploads\/2021\/04\/DSC_0036.jpg'><img width=\"300\" height=\"225\" src=\"https:\/\/www.drevointer.cz\/wp-content\/uploads\/2021\/04\/DSC_0036-300x225.jpg\" class=\"attachment-medium size-medium\" alt=\"\" loading=\"lazy\" srcset=\"https:\/\/www.drevointer.cz\/wp-content\/uploads\/2021\/04\/DSC_0036-300x225.jpg 300w, https:\/\/www.drevointer.cz\/wp-content\/uploads\/2021\/04\/DSC_0036-1024x768.jpg 1024w, https:\/\/www.drevointer.cz\/wp-content\/uploads\/2021\/04\/DSC_0036-768x576.jpg 768w, https:\/\/www.drevointer.cz\/wp-content\/uploads\/2021\/04\/DSC_0036-1536x1152.jpg 1536w, https:\/\/www.drevointer.cz\/wp-content\/uploads\/2021\/04\/DSC_0036-1440x1080.jpg 1440w, https:\/\/www.drevointer.cz\/wp-content\/uploads\/2021\/04\/DSC_0036.jpg 1800w\" sizes=\"(max-width: 300px) 100vw, 300px\" \/><\/a>\n\t\t\t<\/dt><\/dl><dl class='gallery-item'>\n\t\t\t<dt class='gallery-icon landscape'>\n\t\t\t\t<a data-elementor-open-lightbox=\"yes\" data-elementor-lightbox-slideshow=\"fd9d414\" data-elementor-lightbox-title=\"DSC_0074\" href='https:\/\/www.drevointer.cz\/wp-content\/uploads\/2021\/04\/DSC_0074.jpg'><img width=\"300\" height=\"225\" src=\"https:\/\/www.drevointer.cz\/wp-content\/uploads\/2021\/04\/DSC_0074-300x225.jpg\" class=\"attachment-medium size-medium\" alt=\"\" loading=\"lazy\" srcset=\"https:\/\/www.drevointer.cz\/wp-content\/uploads\/2021\/04\/DSC_0074-300x225.jpg 300w, https:\/\/www.drevointer.cz\/wp-content\/uploads\/2021\/04\/DSC_0074-1024x768.jpg 1024w, https:\/\/www.drevointer.cz\/wp-content\/uploads\/2021\/04\/DSC_0074-768x576.jpg 768w, https:\/\/www.drevointer.cz\/wp-content\/uploads\/2021\/04\/DSC_0074-1536x1152.jpg 1536w, https:\/\/www.drevointer.cz\/wp-content\/uploads\/2021\/04\/DSC_0074-1440x1080.jpg 1440w, https:\/\/www.drevointer.cz\/wp-content\/uploads\/2021\/04\/DSC_0074.jpg 1800w\" sizes=\"(max-width: 300px) 100vw, 300px\" \/><\/a>\n\t\t\t<\/dt><\/dl>\n\t\t\t<br style='clear: both' \/>\n\t\t<\/div>\n\t\t<\/div>\n\t\t\t\t<\/div>\n\t\t\t\t<\/div>\n\t\t\t\t\t\t<\/div>\n\t\t\t\t\t<\/div>\n\t\t<\/div>\n\t\t\t\t\t\t\t\t<\/div>\n\t\t\t\t\t<\/div>\n\t\t<\/section>\n\t\t\t\t\t\t<\/div>\n\t\t\t\t\t\t<\/div>\n\t\t\t\t\t<\/div>\n\t\t","protected":false},"excerpt":{"rendered":"<p>P\u0159ij\u010fte se pod\u00edvat, co v\u0161e jsme pro V\u00e1s p\u0159ipravili &#8211; kuchy\u0148sk\u00e9 linky, interi\u00e9rov\u00e9 dve\u0159e, j\u00eddeln\u00ed stoly, jednac\u00ed stoly, atypick\u00e9 prvky a dal\u0161\u00ed.&nbsp; A kde n\u00e1s najdete? V\u00fdrobn\u00ed are\u00e1l D\u0158EVOINTER Strakonice, s.r.o., U Hajsk\u00e9 322, 386 01 Strakonice.<\/p>\n","protected":false},"author":1,"featured_media":0,"parent":0,"menu_order":0,"comment_status":"closed","ping_status":"closed","template":"","meta":[],"_links":{"self":[{"href":"https:\/\/www.drevointer.cz\/index.php\/wp-json\/wp\/v2\/pages\/140"}],"collection":[{"href":"https:\/\/www.drevointer.cz\/index.php\/wp-json\/wp\/v2\/pages"}],"about":[{"href":"https:\/\/www.drevointer.cz\/index.php\/wp-json\/wp\/v2\/types\/page"}],"author":[{"embeddable":true,"href":"https:\/\/www.drevointer.cz\/index.php\/wp-json\/wp\/v2\/users\/1"}],"replies":[{"embeddable":true,"href":"https:\/\/www.drevointer.cz\/index.php\/wp-json\/wp\/v2\/comments?post=140"}],"version-history":[{"count":46,"href":"https:\/\/www.drevointer.cz\/index.php\/wp-json\/wp\/v2\/pages\/140\/revisions"}],"predecessor-version":[{"id":1355,"href":"https:\/\/www.drevointer.cz\/index.php\/wp-json\/wp\/v2\/pages\/140\/revisions\/1355"}],"wp:attachment":[{"href":"https:\/\/www.drevointer.cz\/index.php\/wp-json\/wp\/v2\/media?parent=140"}],"curies":[{"name":"wp","href":"https:\/\/api.w.org\/{rel}","templated":true}]}}